{"version":"1.0","provider_name":"GBIF.ES","provider_url":"https:\/\/gbif.es\/en\/","author_name":"gbif_us","author_url":"https:\/\/gbif.es\/en\/author\/gbif_us\/","title":"Herbario LISI y Com. Aut. en NoDIT - GBIF.ES","type":"rich","width":600,"height":338,"html":"<blockquote class=\"wp-embedded-content\" data-secret=\"qLWJqucnsZ\"><a href=\"https:\/\/gbif.es\/en\/herbario-lisi-y-com-aut-en-nodit\/\">Herbario LISI y Com. Aut. en NoDIT<\/a><\/blockquote><iframe sandbox=\"allow-scripts\" security=\"restricted\" src=\"https:\/\/gbif.es\/en\/herbario-lisi-y-com-aut-en-nodit\/embed\/#?secret=qLWJqucnsZ\" width=\"600\" height=\"338\" title=\"&#8220;Herbario LISI y Com. Aut. en NoDIT&#8221; &#8212; GBIF.ES\" data-secret=\"qLWJqucnsZ\" frameborder=\"0\" marginwidth=\"0\" marginheight=\"0\" scrolling=\"no\" class=\"wp-embedded-content\"><\/iframe><script type=\"text\/javascript\">\n\/* <![CDATA[ *\/\n\/*! This file is auto-generated *\/\n!function(d,l){\"use strict\";l.querySelector&&d.addEventListener&&\"undefined\"!=typeof URL&&(d.wp=d.wp||{},d.wp.receiveEmbedMessage||(d.wp.receiveEmbedMessage=function(e){var t=e.data;if((t||t.secret||t.message||t.value)&&!\/[^a-zA-Z0-9]\/.test(t.secret)){for(var s,r,n,a=l.querySelectorAll('iframe[data-secret=\"'+t.secret+'\"]'),o=l.querySelectorAll('blockquote[data-secret=\"'+t.secret+'\"]'),c=new RegExp(\"^https?:$\",\"i\"),i=0;i<o.length;i++)o[i].style.display=\"none\";for(i=0;i<a.length;i++)s=a[i],e.source===s.contentWindow&&(s.removeAttribute(\"style\"),\"height\"===t.message?(1e3<(r=parseInt(t.value,10))?r=1e3:~~r<200&&(r=200),s.height=r):\"link\"===t.message&&(r=new URL(s.getAttribute(\"src\")),n=new URL(t.value),c.test(n.protocol))&&n.host===r.host&&l.activeElement===s&&(d.top.location.href=t.value))}},d.addEventListener(\"message\",d.wp.receiveEmbedMessage,!1),l.addEventListener(\"DOMContentLoaded\",function(){for(var e,t,s=l.querySelectorAll(\"iframe.wp-embedded-content\"),r=0;r<s.length;r++)(t=(e=s[r]).getAttribute(\"data-secret\"))||(t=Math.random().toString(36).substring(2,12),e.src+=\"#?secret=\"+t,e.setAttribute(\"data-secret\",t)),e.contentWindow.postMessage({message:\"ready\",secret:t},\"*\")},!1)))}(window,document);\n\/* ]]> *\/\n<\/script>\n","description":"El herbario Jo\u00e3o de Carvalho e Vasconcellos del Instituto de Agronom\u00eda de la Universidad de Lisboa es la primera colecci\u00f3n ib\u00e9rica por parte de Portugal en integrarse en la red de GBIF, con 11.209 registros. Mas Informaci\u00f3n&#8230;Nueva capacidad en el sistema de b\u00fasqueda de\u00a0centros y colecciones de historia natural en Espa\u00f1a: a partir de ahora, [&hellip;]","thumbnail_url":"https:\/\/gbif.es\/wp-content\/uploads\/2024\/07\/logo-GBIF-RGB-01.png","thumbnail_width":1064,"thumbnail_height":554}

El herbario João de Carvalho e Vasconcellos del Instituto de Agronomía de la Universidad de Lisboa es la primera colección ibérica por parte de Portugal en integrarse en la red de GBIF, con 11.209 registros. Mas Información&#8230;Nueva capacidad en el sistema de búsqueda de centros y colecciones de historia natural en España: a partir de ahora, [&hellip;]
